{"id":1913,"date":"2019-09-11T21:48:02","date_gmt":"2019-09-12T00:48:02","guid":{"rendered":"http:\/\/www.fundacionmarista.org.ar\/site\/?page_id=1913"},"modified":"2026-02-02T13:05:41","modified_gmt":"2026-02-02T16:05:41","slug":"quienes-somos","status":"publish","type":"page","link":"http:\/\/www.fundacionmarista.org.ar\/site\/quienes-somos\/","title":{"rendered":"\u00bfQui\u00e9nes Somos?"},"content":{"rendered":"\r\n<h3 class=\"wp-block-heading\">Nuestra Visi\u00f3n<\/h3>\r\n\r\n\r\n\r\n\r\n\r\n<p>Lograr que todos los ni\u00f1os, ni\u00f1as, adolescentes y j\u00f3venes, especialmente los m\u00e1s desprotegidos, alcancen su m\u00e1ximo desarrollo personal por el derecho a la educaci\u00f3n y por la promoci\u00f3n social, tal como lo so\u00f1\u00f3 San Marcelino Champagnat.<\/p>\r\n\r\n\r\n\r\n<h3 class=\"wp-block-heading\">Nuestra Misi\u00f3n<\/h3>\r\n\r\n\r\n\r\n<p>Conectar la necesidad de las obras maristas con las fuentes de recursos, favoreciendo redes solidarias, apoyando los proyectos de los Centros Educativos Comunitarios y Escuelas en contexto de vulnerabilidad social de Argentina.<\/p>\r\n\r\n\r\n\r\n<p>Mediante el Programa Solidario Marista asistimos a m\u00e1s de 10.000 ni\u00f1os, ni\u00f1as, adolescentes y j\u00f3venes. Buscamos que cada uno de ellos tenga acceso a una educaci\u00f3n integral de calidad, que potencie sus inteligencias y habilidades para que puedan vivir un presente donde sus derechos sean garantizados y logren construir un futuro lleno de oportunidades.<\/p>\r\n\r\n\r\n\r\n<h3 class=\"wp-block-heading\">Nuestros Valores<\/h3>\r\n\r\n\r\n\r\n<p>Optamos por la <strong>simplicidad<\/strong>\u00a0y la <strong>austeridad<\/strong>, procurando construir comuni\u00f3n de servicio con los m\u00e1s vulnerados.<br \/>Optamos por la <strong>justicia<\/strong>\u00a0y la <strong>solidaridad<\/strong> como \u00fanicos caminos para devolverles su dignidad. <br \/>Propugnamos un <strong>uso evang\u00e9lico de los bienes y recursos <\/strong>que exprese verdaderamente la fraternidad.<br \/>Y optamos por la <strong>educaci\u00f3n<\/strong> de las ni\u00f1as, los ni\u00f1os, los adolescentes y los j\u00f3venes que carecen de la mejor herramienta para su realizaci\u00f3n.<\/p>\r\n\r\n\r\n<hr class=\"wp-block-separator has-css-opacity\" \/>\r\n\r\n\r\n<h2 class=\"wp-block-heading\">Nuestro Consejo Directivo<\/h2>\r\n\r\n\r\n\r\n<p><strong>Miembro permanente:<\/strong> Hno. Provincial Horacio Bustos<br \/><strong>Presidente: <\/strong>Hno. Demetrio Espinosa Espinosa<br \/><strong>Vicepresidenta: <\/strong>Gisela Favaro<br \/><strong>Secretaria:<\/strong> Mar\u00eda Rosa Grillo<br \/><strong>Tesorera:<\/strong> Mar\u00eda Ver\u00f3nica Navas<br \/><strong>Consejeros:<\/strong> Hno. Max Meier y Gonzalo Luvani<\/p>\r\n\r\n\r\n\r\n<h2 class=\"wp-block-heading\">Nuestro Equipo de Trabajo<\/h2>\r\n\r\n\r\n\r\n<p><strong>Director Ejecutivo &#8211; Apoderado:<\/strong> Emanuel Rilo<br \/><strong>\u00c1rea Proyectos:<\/strong> Raquel P\u00e9rez S\u00e1nchez<br \/><strong>\u00c1rea Administrativa:<\/strong> Daniela Clarens\u00a0 \u00a0 \u00a0 \u00a0 \u00a0 \u00a0 \u00a0 \u00a0 \u00a0 \u00a0 \u00a0 \u00a0 \u00a0 \u00a0 \u00a0 \u00a0 \u00a0 \u00a0 \u00a0 \u00a0 \u00a0 \u00a0 \u00a0 \u00a0 \u00a0 \u00a0 \u00a0 \u00a0 \u00a0 \u00a0 \u00a0 \u00a0 \u00a0 \u00a0 \u00a0 \u00a0 \u00a0 \u00a0 \u00a0 \u00a0 \u00a0 \u00a0 \u00a0 \u00a0 \u00a0 \u00a0 \u00a0 \u00a0 \u00a0 \u00a0 \u00a0 \u00a0 \u00a0 \u00a0 \u00a0 \u00a0 \u00a0 \u00a0 \u00a0 \u00a0 <strong>Comunicaci\u00f3n y Redes Sociales:<\/strong> Antonella T\u00e1rtalo<\/p>\r\n","protected":false},"excerpt":{"rendered":"<p>Nuestra Visi\u00f3n Lograr que todos los ni\u00f1os, ni\u00f1as, adolescentes y j\u00f3venes, especialmente los m\u00e1s desprotegidos, alcancen su m\u00e1ximo desarrollo personal por el derecho a la educaci\u00f3n y por la promoci\u00f3n social, tal como lo so\u00f1\u00f3 San Marcelino Champagnat. Nuestra Misi\u00f3n Conectar la necesidad de las obras maristas con las fuentes de recursos, favoreciendo redes solidarias, [&hellip;]<\/p>\n","protected":false},"author":4,"featured_media":0,"parent":0,"menu_order":0,"comment_status":"closed","ping_status":"closed","template":"","meta":{"footnotes":""},"rttpg_featured_image_url":null,"rttpg_author":{"display_name":"Comunicaci\u00f3n","author_link":"http:\/\/www.fundacionmarista.org.ar\/site\/author\/mrilo\/"},"rttpg_comment":0,"rttpg_category":null,"rttpg_excerpt":"Nuestra Visi\u00f3n Lograr que todos los ni\u00f1os, ni\u00f1as, adolescentes y j\u00f3venes, especialmente los m\u00e1s desprotegidos, alcancen su m\u00e1ximo desarrollo personal por el derecho a la educaci\u00f3n y por la promoci\u00f3n social, tal como lo so\u00f1\u00f3 San Marcelino Champagnat. Nuestra Misi\u00f3n Conectar la necesidad de las obras maristas con las fuentes de recursos, favoreciendo redes solidarias,&hellip;","_links":{"self":[{"href":"http:\/\/www.fundacionmarista.org.ar\/site\/wp-json\/wp\/v2\/pages\/1913"}],"collection":[{"href":"http:\/\/www.fundacionmarista.org.ar\/site\/wp-json\/wp\/v2\/pages"}],"about":[{"href":"http:\/\/www.fundacionmarista.org.ar\/site\/wp-json\/wp\/v2\/types\/page"}],"author":[{"embeddable":true,"href":"http:\/\/www.fundacionmarista.org.ar\/site\/wp-json\/wp\/v2\/users\/4"}],"replies":[{"embeddable":true,"href":"http:\/\/www.fundacionmarista.org.ar\/site\/wp-json\/wp\/v2\/comments?post=1913"}],"version-history":[{"count":21,"href":"http:\/\/www.fundacionmarista.org.ar\/site\/wp-json\/wp\/v2\/pages\/1913\/revisions"}],"predecessor-version":[{"id":2435,"href":"http:\/\/www.fundacionmarista.org.ar\/site\/wp-json\/wp\/v2\/pages\/1913\/revisions\/2435"}],"wp:attachment":[{"href":"http:\/\/www.fundacionmarista.org.ar\/site\/wp-json\/wp\/v2\/media?parent=1913"}],"curies":[{"name":"wp","href":"https:\/\/api.w.org\/{rel}","templated":true}]}}